ose -4*p + v*f + 8 = 0, p = -2*f - 2*f + 21. List the prime factors of p.
5
Let m(r) be the first derivative of 2*r**3/3 + r**2/2 + 27*r + 22. List the prime factors of m(-6).
3, 31
Suppose 2*j + 3*w - 4953 = 0, 5*j + w + 4*w = 12390. What are the prime factors of j?
3, 827
Suppose 15*f - 10*f = 50. What are the prime factors of 2/10 + 808/f?
3
Suppose -3*w = 4*k - 1533, 2*w - 2*k = 7*w - 2541. Suppose w = -33*o + 36*o. What are the prime factors of o?
13
Let c = -5 - -55. Let v = -15 + c. What are the prime factors of v?
5, 7
Suppose 4*y - s = 5*y - 308, y + 2*s - 306 = 0. List the prime factors of y.
2, 5, 31
Let r(m) = -3*m + 98. Suppose 11*k = 9*k. What are the prime factors of r(k)?
2, 7
Let w(t) = t**2 - 20*t + 22. Let f be w(19). Suppose -f*u + 7*u = 196. List the prime factors of u.
7
Let n(g) be the third derivative of g**5/30 - 5*g**4/24 + 4*g**3/3 - 2*g**2. What are the prime factors of n(5)?
3, 11
Suppose -2*w + 3*m - 2 = 0, 4*m + 5 + 4 = 5*w. Suppose y = w*x + 32 + 63, 0 = x + 2. List the prime factors of y.
5, 17
Suppose 16*a - 32348 = 1988. List the prime factors of a.
2, 29, 37
Let l = -74 + 41. Let r be 342/66 + 6/l. Suppose 0*x = -r*q - x + 74, 5*x - 25 = -2*q. What are the prime factors of q?
3, 5
Suppose 5*k + 18 = 8*k. Suppose w + k = 4*w. Let b(y) = 3*y**3 - 5*y**2 + 5*y - 2. List the prime factors of b(w).
2, 3
Let u(o) = -9*o**3 - 8*o**2 - 11*o + 1. Let n(l) = -4*l**3 - 4*l**2 - 5*l + 1. Let a(c) = -13*n(c) + 6*u(c). List the prime factors of a(-3).
2, 43
Let y(u) = u**3 - 2*u**2 - 6*u + 2348. List the prime factors of y(0).
2, 587
Let y(f) = 9*f - 2*f**2 + 0 - 3 + f**2. Suppose -3*v - v = -32. List the prime factors of y(v).
5
Let k(i) = 38*i**2 - 4*i - 34. List the prime factors of k(6).
2, 5, 131
List the prime factors of (0 + 47/(-4))*75264/(-448).
2, 3, 7, 47
Suppose -3*h - 11*f + 6109 = -15*f, 2 = f. What are the prime factors of h?
2039
Let o(r) = -11*r + 1. Let m be o(14). What are the prime factors of (-7*2)/(18/m)?
7, 17
Let p = 6635 + -1438. List the prime factors of p.
5197
Let s = -24 - -26. Let h = s - -47. List the prime factors of h.
7
Let i(q) = -2*q**3 - 7*q**2 - 28*q - 256. List the prime factors of i(-11).
1867
Let h(u) = u**3 - 2*u**2 + u - 3. Let q be h(3). Let t(j) = 8 + q*j - 7 - j. List the prime factors of t(3).
5
Let w = -735 + 1112. What are the prime factors of w?
13, 29
What are the prime factors of (8/24)/(2/750)?
5
Let t = 6516 - 4371. List the prime factors of t.
3, 5, 11, 13
Let f be (-28 + 1)*(3 + -4). Suppose -5*y + 16 = -4*k - 56, 2*y - f = k. Suppose -n = 5*m + y, -3*m - 3 = 9. List the prime factors of n.
2
Suppose 2*m + 3 - 19 = 0. Let z(b) = -17 - 2*b + 0*b + b + m*b. What are the prime factors of z(7)?
2
Let l be (-20)/(-25) - (-1529)/(-5). Let n = 459 + l. What are the prime factors of n?
2, 7, 11
What are the prime factors of 6080/57 + 1/(-9)*-3?
107
Let i(b) = -b**3 - 6*b**2 + 3*b - 10. Let n = -9 + 2. List the prime factors of i(n).
2, 3
Suppose 0 = 8*t - 43598 + 14678. What are the prime factors of t?
3, 5, 241
Suppose -10*z = -4*z + 6. Let d = 31 - z. What are the prime factors of d?
2
Let r be ((-15)/(-5))/(9/33). Suppose 10*c + 47 = r*c. List the prime factors of c.
47
Suppose -3*z - 8 - 25 = 0. Suppose 18 = -2*a - 40. Let f = z - a. What are the prime factors of f?
2, 3
Let b(l) = l + 18. Let c be b(-14). Suppose 0 = -4*m + 5*m - c*d - 165, -2*d = -4*m + 618. List the prime factors of m.
3, 17
Let z be (-2807)/(-11) - 18/99. Suppose 0 = -3*u - 4*t + z, -406 = -5*u - 2*t + 19. List the prime factors of u.
5, 17
Let a = -394 + 1036. What are the prime factors of a?
2, 3, 107
Let q(j) = -1703*j + 8. What are the prime factors of q(-1)?
29, 59
Let o = 3647 - 1852. What are the prime factors of o?
5, 359
Let k be (8 - 0)/(2 + 0). Let r(x) = 4 + k + 3 + x - 5. List the prime factors of r(7).
13
Let w(s) = -33*s - 120. What are the prime factors of w(-36)?
2, 3, 89
Suppose 0 = -4*c + 2*c + 6, 5*c = 2*i - 1381. What are the prime factors of i?
2, 349
Suppose -2*j = 3*y + 31, -y = -2*j + 26 - 5. Let o(p) = -16*p - 39. What are the prime factors of o(y)?
13
Let i(t) = t**2 - 30*t + 22. List the prime factors of i(44).
2, 11, 29
Suppose 0 = 6*k - 33433 + 7657. What are the prime factors of k?
2, 3, 179
Suppose 0 = -3*c + 5*i + 52, 2*c - 5*i - 80 = -3*c. Suppose c*a = 6*a + 72. Suppose -n + 5*g + 0 = a, n + 5*g - 31 = 0. List the prime factors of n.
11
Let n = -10 - -31. Suppose -w = 2*w - n. List the prime factors of w.
7
Let m = -629 + 1168. What are the prime factors of m?
7, 11
Let r(l) be the first derivative of -129*l**4/4 - l**3 - 3*l**2/2 + 22. List the prime factors of r(-1).
3, 43
Let t = -30 - -27. List the prime factors of t/21 - 1360/(-14).
97
Suppose -i = -2*k + 1332, -5*k + 3341 = 6*i - 3*i. List the prime factors of k.
23, 29
Let t(k) = k + 11. Let z be t(-17). What are the prime factors of -3*((-4)/z - 4)?
2, 5
Let f = 30 - -44. List the prime factors of f.
2, 37
Suppose -2 - 19 = -7*c. Suppose 4*f + 231 = p, c*p = -f - 164 + 831. List the prime factors of p.
223
Suppose 501*k + 756 = 510*k. List the prime factors of k.
2, 3, 7
Suppose -9 = 2*v - 15. What are the prime factors of 1 + 131 + v + 0?
3, 5
Let n be (-4)/6 - (-8)/3. Let c(t) = t + 25. Let u be c(-22). Suppose n*s = 3*d + 35, -u*d = s - 8*d - 21. List the prime factors of s.
2
Let k(o) = 3*o + 63. List the prime factors of k(-7).
2, 3, 7
Let f(j) be the third derivative of 5*j**4/24 + j**3/3 + 2*j**2. Suppose -4*o - 14 = -5*t, 3*o - 7 = -4*t - 2. List the prime factors of f(t).
2, 3
Suppose -4*q + 4*o + 10364 = 0, 5*o + 9752 = 3*q + 1979. What are the prime factors of q?
2591
Let k = 50 - -100. Let p = -65 + k. What are the prime factors of p?
5, 17
Suppose 0 = -x + 5*g + 440, -4*x - 3*g - 450 = -5*x. What are the prime factors of x?
3, 5, 31
Let g be 1/(2 + (-5)/3). Suppose 2*u - 55 + 2 = 3*o, 0 = u + g*o - 22. List the prime factors of 640/u + 4/10.
2, 13
Let g be 3/(-18) + 70/(-12). Let r = g - -8. Suppose 0 = -5*i, 4*i = -3*p + r*i + 33. What are the prime factors of p?
11
Let i(y) be the second derivative of 6*y + 0 + 12*y**2 - 1/3*y**3. List the prime factors of i(10).
2
Let t(w) = 48*w - 47. What are the prime factors of t(5)?
193
Let c be -7 + -2 + -1 + 1. Let j = -9 - c. Suppose 2*w + 0*w + 8 = j, 0 = -2*h - 2*w. List the prime factors of h.
2
Let l(i) = 3*i**3 - 10*i**2 + 7*i. List the prime factors of l(6).
2, 3, 5, 11
Let c be 2 + 6 - (6 + -6). Suppose -2*d = -c, 2*x - 5*d - 221 + 7 = 0. List the prime factors of x.
3, 13
Suppose -2*r + 20 = 2*r. Suppose -5*z - r = -6*z. Suppose -x = -z*x + 116. What are the prime factors of x?
29
Let t = -1 - -12. Let o(s) = -s**2 + 12*s + 27. List the prime factors of o(t).
2, 19
Suppose l - 3*w + 77 - 573 = 0, -3*l + 2*w + 1481 = 0. What are the prime factors of l?
17, 29
Suppose l + 3*s + 122 = -4*l, -3*s = 2*l + 56. Let y = l - -107. What are the prime factors of y?
5, 17
Let f = 145 + 69. List the prime factors of f.
2, 107
Let t(w) = 3*w**2 - 3*w + 2. Let g be t(2). Let p(c) = -4*c + 4*c - g - 3*c. List the prime factors of p(-11).
5
Let o(s) = -s**3 + 3*s + 2. Let w be o(-2). Suppose w*v - 10 - 26 = 0. What are the prime factors of v?
3
Let m(s) = 4*s - 9. Suppose 5*w = 32 + 3. Let i be m(w). Suppose 17*f + 46 = i*f. List the prime factors of f.
23
Let d be (5 - (-31)/(-5))/(2/(-5)). Suppose 0 = 3*n, -d*x + 663 + 231 = n. What are the prime factors of x?
2, 149
Suppose 2*w + 8 = 0, 0 = x + 2*w - 6*w - 7. Let z = 39 + x. Let o = 55 - z. What are the prime factors of o?
5
Suppose -5*j - 757 = -147. Let c = 225 + j. List the prime factors of c.
103
Let g(a) = -255*a + 627. What are the prime factors of g(-8)?
3, 7, 127
Let z be (-2)/3 - (-1 + (-55)/15). Let s(v) = 2*v**2 + 4*v - 7. What are the prime factors of s(z)?
41
Let d = -265 + 449. List the prime factors of d.
2, 23
Suppose 0*h = h - 6. Suppose t = -0*t + h. Suppose t*x - 20 = 2*x. What are the prime factors of x?
5
Suppose n - 3082 = -3*n + 2*s, 5*n - 3*s - 3853 = 0. List the prime factors of n.
2, 5, 7, 11
Let v(o) = o**3 + 13*o**2 + 18*o + 21. Let y = 16 + -12. Let f be (30/(-45))/(y/66). What are the prime factors of v(f)?
5, 13
Suppose -39*w = -9*w - 67320. List the prime factors of w.
2